{"id":7369,"date":"2024-12-11T15:09:35","date_gmt":"2024-12-11T15:09:35","guid":{"rendered":"https:\/\/zola-cosmetics.com\/?post_type=product&#038;p=7369"},"modified":"2026-01-22T21:51:06","modified_gmt":"2026-01-22T21:51:06","slug":"zola-walki-do-laminowania-multi-tone-xs-s-m-xm-l-xl-xxl-3xl","status":"publish","type":"product","link":"https:\/\/zola-cosmetics.com\/pl\/produkt\/zola-walki-do-laminowania-multi-tone-xs-s-m-xm-l-xl-xxl-3xl\/","title":{"rendered":"ZOLA Wa\u0142ki do laminowania Multi Tone (XS, S, M, XM, L, XL, XXL, 3XL)"},"content":{"rendered":"<p>P\u00f3\u0142okr\u0105g\u0142e wa\u0142ki do laminowania Multi Tone, kt\u00f3re umo\u017cliwiaj\u0105 uzyskanie naturalnego skr\u0119tu rz\u0119s lub uzyskania efektu lalki. Zestaw jest dost\u0119pny w 8 rozmiarach, aby umo\u017cliwi\u0107 dopasowanie do r\u00f3\u017cnych kszta\u0142t\u00f3w oczu. <\/p>\n<p>Jak stosowa\u0107 ZOLA Wa\u0142ki do laminowania:<\/p>\n<ol>\n<li>Przyklej wa\u0142eczki do powiek bezpo\u015brednio u nasady rz\u0119s.<\/li>\n<li>W celu lepszego przymocowania u\u017cyj kleju do laminowania.<\/li>\n<li>Przyklej rz\u0119sy do podk\u0142adek za pomoc\u0105 kleju i specjalnego aplikatora. Unikaj krzy\u017cowania lub sklejania rz\u0119s. <\/li>\n<li>Kontroluj napi\u0119cie i upewnij si\u0119, \u017ce oczy klienta s\u0105 zamkni\u0119te.<\/li>\n<li>Kontynuuj wykonywanie zabiegu laminowania.<\/li>\n<li>Ostro\u017cnie usu\u0144 wa\u0142eczki z powiek za pomoc\u0105 p\u0142atka kosmetycznego nas\u0105czonego \u015brodkiem oczyszczaj\u0105cym.<\/li>\n<\/ol>\n","protected":false},"excerpt":{"rendered":"<p>P\u00f3\u0142okr\u0105g\u0142e wa\u0142ki do laminowania Multi Tone, kt\u00f3re umo\u017cliwiaj\u0105 uzyskanie naturalnego skr\u0119tu rz\u0119s lub uzyskania efektu lalki. Zestaw jest dost\u0119pny w&#8230;<\/p>\n","protected":false},"featured_media":7365,"template":"","meta":[],"etheme_brands":[],"product_cat":[199],"product_tag":[],"aioseo_notices":[],"_links":{"self":[{"href":"https:\/\/zola-cosmetics.com\/pl\/wp-json\/wp\/v2\/product\/7369"}],"collection":[{"href":"https:\/\/zola-cosmetics.com\/pl\/wp-json\/wp\/v2\/product"}],"about":[{"href":"https:\/\/zola-cosmetics.com\/pl\/wp-json\/wp\/v2\/types\/product"}],"version-history":[{"count":1,"href":"https:\/\/zola-cosmetics.com\/pl\/wp-json\/wp\/v2\/product\/7369\/revisions"}],"predecessor-version":[{"id":7526,"href":"https:\/\/zola-cosmetics.com\/pl\/wp-json\/wp\/v2\/product\/7369\/revisions\/7526"}],"wp:featuredmedia":[{"embeddable":true,"href":"https:\/\/zola-cosmetics.com\/pl\/wp-json\/wp\/v2\/media\/7365"}],"wp:attachment":[{"href":"https:\/\/zola-cosmetics.com\/pl\/wp-json\/wp\/v2\/media?parent=7369"}],"wp:term":[{"taxonomy":"brand","embeddable":true,"href":"https:\/\/zola-cosmetics.com\/pl\/wp-json\/wp\/v2\/etheme_brands?post=7369"},{"taxonomy":"product_cat","embeddable":true,"href":"https:\/\/zola-cosmetics.com\/pl\/wp-json\/wp\/v2\/product_cat?post=7369"},{"taxonomy":"product_tag","embeddable":true,"href":"https:\/\/zola-cosmetics.com\/pl\/wp-json\/wp\/v2\/product_tag?post=7369"}],"curies":[{"name":"wp","href":"https:\/\/api.w.org\/{rel}","templated":true}]}}

ZOLA Wałki do laminowania Multi Tone (XS, S, M, XM, L, XL, XXL, 3XL)

<p>Półokrągłe wałki do laminowania Multi Tone, które umożliwiają uzyskanie naturalnego skrętu rzęs lub uzyskania efektu lalki. Zestaw jest dostępny w 8 rozmiarach, aby umożliwić dopasowanie do różnych kształtów oczu. </p>
<p>Jak stosować ZOLA Wałki do laminowania:</p>
<ol>
<li>Przyklej wałeczki do powiek bezpośrednio u nasady rzęs.</li>
<li>W celu lepszego przymocowania użyj kleju do laminowania.</li>
<li>Przyklej rzęsy do podkładek za pomocą kleju i specjalnego aplikatora. Unikaj krzyżowania lub sklejania rzęs. </li>
<li>Kontroluj napięcie i upewnij się, że oczy klienta są zamknięte.</li>
<li>Kontynuuj wykonywanie zabiegu laminowania.</li>
<li>Ostrożnie usuń wałeczki z powiek za pomocą płatka kosmetycznego nasączonego środkiem oczyszczającym.</li>
</ol>

<p>Półokrągłe wałki do laminowania Multi Tone, które umożliwiają uzyskanie naturalnego skrętu rzęs lub uzyskania efektu lalki. Zestaw jest dostępny w&#8230;</p>
